18 - 10. Let z = y - -61. Suppose -4*i + z = 3*p, -i - 2*i - 3*p = -24. What are the prime factors of i?
3
Suppose 2*g = -3*j - 3, -2*g - 3*j + 2*j = -3. Suppose 0 = v - g*a - 35, -4*v - a + 0 = -75. List the prime factors of v.
2, 5
Let g = 21 - 16. Suppose g*u - 7*c - 25 = -4*c, 4*c + 15 = 3*u. Suppose 0 = 4*t + 5*l - 87, -5*t + 42 = u*l - 73. List the prime factors of t.
2, 7
Suppose q = -4*m + 25, 0*m + 4*m = -2*q + 30. Suppose m*p = -5*u + 605, 4*u = -p - p + 474. What are the prime factors of u?
2, 29
Suppose 4*x = -2*x. Suppose -3*z + 7 + 53 = x. What are the prime factors of z?
2, 5
Suppose 125*d = 130*d + 2*t - 2047, -4*d + 1639 = 3*t. What are the prime factors of d?
409
Let l(d) be the third derivative of 11*d**6/120 - d**5/20 + d**4/24 + 2*d**3/3 - 16*d**2. List the prime factors of l(2).
2, 41
Let r(g) = 0*g**2 - 1 + 3*g**2 - 6 - 2*g**2. What are the prime factors of r(8)?
3, 19
Suppose 0 = -2*b + 6 - 0. Let w = 15 + -10. Suppose 224 = 5*m - m - 2*o, -b*o - 280 = -w*m. What are the prime factors of m?
2, 7
Let n(i) = -63*i + 157. List the prime factors of n(-11).
2, 5, 17
Let d be -93 - 9/3*(-6)/9. Let s = 216 + d. What are the prime factors of s?
5
Suppose -f + 4*o + 36 = 0, -2*f = 4*o - 15 - 57. Suppose -4*n - 4*y - 20 - f = 0, -n - 18 = 2*y. Let i(h) = -9*h - 23. List the prime factors of i(n).
67
Let v(g) be the second derivative of g**5/120 + g**4/4 - g**3 + 4*g. Let z(h) be the second derivative of v(h). List the prime factors of z(0).
2, 3
Let c = 6065 - 2337. What are the prime factors of c?
2, 233
Let i be (-3)/((21/(-18))/7). Let p = 24 - i. What are the prime factors of p?
2, 3
Let f = 20 + -10. Suppose -2*z = 3*z - f. Suppose -z*n - 63 = -5*n. What are the prime factors of n?
3, 7
Suppose -112*l + 116*l = 7368. List the prime factors of l.
2, 3, 307
Let p(r) = -r**2 - 6*r - 2. Let l be p(-4). Let n(g) = -3*g - 3. Let x(w) = 13*w + 12. Let z(c) = -9*n(c) - 2*x(c). List the prime factors of z(l).
3
Suppose 5*m - 8*m = 144. Let v = 28 - m. List the prime factors of v.
2, 19
Let z(r) = 2*r**2 - 2. Let w(a) = 4*a**2 - a - 3. Let x(d) = 6*w(d) - 11*z(d). Suppose -22*l + 20 = -18*l. What are the prime factors of x(l)?
2, 3
Let j = -3602 + 6271. What are the prime factors of j?
17, 157
What are the prime factors of (542/8*-1)/(25/(-500))?
5, 271
Let g be (6/12)/(1/296). List the prime factors of (g/(-10))/((-11)/5 - -2).
2, 37
What are the prime factors of (3695/20)/(5/20)?
739
Let k(h) = -65*h + 3989. List the prime factors of k(0).
3989
Let m = 440 - -42. What are the prime factors of m?
2, 241
Suppose 4*x - 8 = -0. Suppose 0 = x*w - 77 - 35. What are the prime factors of w?
2, 7
Suppose 10*q - 7*q - 15 = 0. Suppose 261 = -4*w + 6*w - q*g, -g + 148 = w. List the prime factors of w.
11, 13
Suppose -20*n - 10 = -25*n, -u - n = -26. What are the prime factors of u?
2, 3
Suppose 379 = u + 5*c, -7*u - 5*c = -11*u + 1566. What are the prime factors of u?
389
Suppose 0 = -3*u - 4*m + 22, 0 = 5*u + 4*m - 22 - 4. Suppose u*q + h = -4*h + 234, -5*q - 5*h + 585 = 0. List the prime factors of q.
3, 13
Let p be (-18476)/(-30) + 48/360. Suppose -3*d + 66 = -2*b + 302, -5*b + p = -d. What are the prime factors of b?
2, 31
Let n(v) = -v**3 - 5*v**2 + 4*v - 1. Let b be n(-5). Let x = 52 - b. List the prime factors of x.
73
Let r(t) = 37*t + 13. Let m be r(3). Let z = 188 - m. List the prime factors of z.
2
Let j(v) = -v**3 + 27*v**2 - 60*v + 28. List the prime factors of j(23).
2, 191
Let p = 71 + -77. What are the prime factors of ((-394)/p)/((-8)/(-24))?
197
Suppose -103 = -j - 48. Suppose -j*v = -56*v + 125. List the prime factors of v.
5
Suppose -2*w - 8 = -3*f, 0 = -3*w + 3*f - 3 - 3. Let n = -100 - -94. List the prime factors of (-3)/w*44/n.
11
Let h = -28 + 100. List the prime factors of h.
2, 3
Let t be (-2)/3 - 136/(-24). Suppose t*z = 3*r + 261, 4*z - 2*r - r - 210 = 0. Suppose -z = -4*g + g. List the prime factors of g.
17
Let w = 164 - 279. What are the prime factors of (792/(-14))/(w/14 - -8)?
2, 3, 11
Let p be (2 + (-24)/9)*-3. Suppose p*x + 7 = 2*f + x, -x = f - 5. Suppose -5*t + 2*j = -39, -f*t + 2*j = -0*j - 32. What are the prime factors of t?
7
Let o = -1077 + 1739. What are the prime factors of o?
2, 331
Suppose -3*g = -12, 2*b - 2886 = 5*g - 3*g. What are the prime factors of b?
1447
Let t = -13 - -32. Suppose -4 = 5*m - t. Suppose -4 = m*f - 28. List the prime factors of f.
2
Suppose 63*v - 58*v = 0, -2*v - 19765 = -5*f. List the prime factors of f.
59, 67
Let x = 17 + -8. What are the prime factors of 3*231/x + 2?
79
Let l = -31 - -61. Let b = l - -116. What are the prime factors of b?
2, 73
Suppose 44 = -4*n - w + 3, 0 = n + 5*w + 34. Let r = 1 - -11. Let o = r + n. List the prime factors of o.
3
Let r be (-4)/2*20/(-8). Suppose r*m + 2*j - 25 = 0, -5*m - j + 17 = -3. Suppose v + z - m = 13, 0 = 4*v + 2*z - 64. List the prime factors of v.
2
Let v(b) = -2*b**2 - 20*b + 6. Let w be v(-10). Suppose -3 + 11 = 4*m. Suppose -5*p + 85 = -h, 5*h + 28 + w = m*p. List the prime factors of p.
17
Let x = -15 + -2. Let y = 93 - 52. Let g = y + x. List the prime factors of g.
2, 3
List the prime factors of -7 + (9 - 3) + (525 - -2).
2, 263
Let u = -24 - -31. Suppose -2*d - 1110 = -u*d. List the prime factors of d/4 + 7/14.
2, 7
Let m = -697 + 1027. Let u = m - 185. What are the prime factors of u?
5, 29
Let i be (-6)/(-10) - 14/(-10). Let s = i - -1. Suppose 0 = 5*k - s*n - 343, -2*n = 4*k - 5*n - 275. What are the prime factors of k?
2, 17
Suppose -3*i = 3*h - 9342, 17*h - 20 = 21*h. What are the prime factors of i?
3119
List the prime factors of ((-12 - -2) + -137)*(-26)/6.
7, 13
Let n be (-3)/2*(-90)/27. Suppose -b = 1 - n. Suppose 51 = b*r - r. List the prime factors of r.
17
Suppose 651 = 2*c + 5*m, 5*c + 2*m - 4*m - 1584 = 0. What are the prime factors of c?
2, 3, 53
Suppose 4*u + 2*r + 32 = 0, 34 = -5*u - 3*r + 2*r. List the prime factors of (147 + -1)/(25/(-5) - u).
2, 73
Let w(f) = 2*f**2 + 9. Let a = -30 - -35. Suppose -a*j = -11 - 14. What are the prime factors of w(j)?
59
What are the prime factors of 24/21 - 8427/(-7)?
5, 241
Suppose 0 = -2*a + 4*m + 3012 + 236, -2*a = -2*m - 3252. What are the prime factors of a?
2, 11, 37
Suppose 0 = 2*g + 3*x - 2*x + 54, 5*g + 4*x + 129 = 0. Let s = g + 47. Suppose -58 = -q - s. What are the prime factors of q?
2, 5
Suppose r + 6*r - 56 = 0. Let p(c) = 7*c + 23. List the prime factors of p(r).
79
List the prime factors of (2750 - 4) + (-8 - -17).
5, 19, 29
Suppose -30*t - 4318 = -32*t. List the prime factors of t.
17, 127
Let c be (-2)/(7/(21/(-2))). Let k be 0 + c + 33/1. List the prime factors of 6/(-9)*-1*k.
2, 3
Suppose -5*p - 4*g = -906, -2*p + 330 = -g - 22. List the prime factors of p.
2, 89
Let f = 1334 - 758. List the prime factors of (f/(-15))/(-2)*5.
2, 3
Let a(r) be the first derivative of -r**4/4 - 14*r**3/3 - 21*r**2/2 - 24*r + 41. List the prime factors of a(-14).
2, 3, 5
Suppose 5*n - 15*i = -11*i + 13149, 2*n + 2*i - 5274 = 0. What are the prime factors of n?
2633
Let j be 3 + (-1 - 24/(-1)). Let o = j + -8. Let g = 40 - o. What are the prime factors of g?
2, 11
Let s = 228 - -39. List the prime factors of s.
3, 89
Suppose 2*m - 8 = -0*y - 4*y, -3*m + 12 = 5*y. Suppose -10*f + 444 = -m*f. What are the prime factors of f?
2, 37
Suppose -2*m + 89 - 25 = 0. Let x = 34 - m. List the prime factors of (40/(-50))/(x/(-15)).
2, 3
Let h = -13 - -8. Let a be 60/2 - (-9 - h). Let k = 47 - a. List the prime factors of k.
13
Let b = 957 - 566. What are the prime factors of b?
17, 23
Let i(d) = 47*d**2 + 30*d - 235. List the prime factors of i(8).
23, 131
Let c = 663 - 19. List the prime factors of c.
2, 7, 23
Let n(o) = -o**2 + 3*o - 4. Let p be n(4). Let h be p/(-20) + 4/(-10). Suppose h = -0*l - 3*l + 87. What are the prime factors of l?
29
Suppose 119*d - 96*d = 10672. List the prime factors of d.
2, 29
Let a(v) = v**3 - v**2 + v. Let m be a(1). What are the prime factors of 28/7 - (-18 - m)?
23
Let c(a) = 10*a + 37*a**2 - a**3 - 15 - 28*a**2 + 0*a**3. What are the prime factors of c(7)?
3, 17
Let z = -6128 - -10305. What are the prime factors of z?
4177
Let m be (-144)/(-81) + (-4)/(-18). Suppose -i + 105 = 3*x, -4*x + 140 = 3*i + m*i. List the prime factors of x.
5, 7